git of 4225190?
2
What is the ten thousands digit of 206747?
0
What is the units digit of 948516?
6
What is the units digit of 24173596?
6
What is the units digit of 1412010?
0
What is the millions digit of 15675381?
5
What is the ten thousands digit of 1801490?
0
What is the hundreds digit of 2294982?
9
What is the tens digit of 105763?
6
What is the hundreds digit of 20108182?
1
What is the units digit of 182161?
1
What is the units digit of 157627?
7
What is the millions digit of 1703443?
1
What is the units digit of 10220946?
6
What is the ten thousands digit of 49430?
4
What is the units digit of 5876376?
6
What is the thousands digit of 336247?
6
What is the ten thousands digit of 507561?
0
What is the hundred thousands digit of 109982?
1
What is the millions digit of 1958700?
1
What is the hundred thousands digit of 222890?
2
What is the units digit of 190511?
1
What is the hundreds digit of 91919?
9
What is the thousands digit of 332931?
2
What is the units digit of 38293?
3
What is the units digit of 5900821?
1
What is the units digit of 305114?
4
What is the tens digit of 3058395?
9
What is the tens digit of 397422?
2
What is the hundred thousands digit of 1001427?
0
What is the hundred thousands digit of 1324412?
3
What is the hundreds digit of 14928939?
9
What is the units digit of 151016?
6
What is the millions digit of 6405920?
6
What is the thousands digit of 3691855?
1
What is the tens digit of 207689?
8
What is the hundreds digit of 3722300?
3
What is the millions digit of 1509081?
1
What is the hundreds digit of 74326?
3
What is the hundred thousands digit of 438747?
4
What is the units digit of 2496529?
9
What is the millions digit of 7917214?
7
What is the thousands digit of 15599036?
9
What is the tens digit of 162712?
1
What is the tens digit of 37786?
8
What is the hundreds digit of 705557?
5
What is the hundred thousands digit of 109828?
1
What is the units digit of 10121?
1
What is the hundred thousands digit of 102265?
1
What is the ten thousands digit of 305021?
0
What is the hundreds digit of 4725375?
3
What is the hundreds digit of 218637?
6
What is the thousands digit of 189246?
9
What is the units digit of 207764?
4
What is the hundred thousands digit of 10043703?
0
What is the tens digit of 15096910?
1
What is the tens digit of 5221574?
7
What is the hundred thousands digit of 3586496?
5
What is the tens digit of 781441?
4
What is the tens digit of 5068489?
8
What is the hundreds digit of 694557?
5
What is the hundred thousands digit of 1536913?
5
What is the hundred thousands digit of 764301?
7
What is the thousands digit of 25618768?
8
What is the ten thousands digit of 502277?
0
What is the ten thousands digit of 34087081?
8
What is the tens digit of 969307?
0
What is the thousands digit of 2126650?
6
What is the tens digit of 1054702?
0
What is the hundreds digit of 298388?
3
What is the hundreds digit of 265442?
4
What is the units digit of 12651769?
9
What is the hundred thousands digit of 650736?
6
What is the ten thousands digit of 1238024?
3
What is the tens digit of 89662?
6
What is the thousands digit of 1225835?
5
What is the units digit of 961227?
7
What is the ten thousands digit of 28073844?
7
What is the millions digit of 13055817?
3
What is the millions digit of 1478523?
1
What is the units digit of 282146?
6
What is the hundreds digit of 18462785?
7
What is the units digit of 222000?
0
What is the millions digit of 19238666?
9
What is the hundreds digit of 289140?
1
What is the hundreds digit of 29917016?
0
What is the hundred thousands digit of 180048?
1
What is the thousands digit of 6464931?
4
What is the hundreds digit of 27756?
7
What is the hundred thousands digit of 2477672?
4
What is the units digit of 153640?
0
What is the millions digit of 12692891?
2
What is the units digit of 1658177?
7
What is the ten thousands digit of 30099?
3
What is the ten thousands digit of 300320?
0
What is the tens digit of 355381?
8
What is the tens digit of 340360?
6
What is the hundred thousands digit of 356416?
3
What is the hundreds digit of 35221?
2
What is the thousands digit of 587732?
7
What is the tens digit of 817647?
4
What is the hundred thousands digit of 439117?
4
What is the hundred thousands digit of 315848?
3
What is the hundreds digit of 721705?
7
What is the hundreds digit of 565609?
6
What is the units digit of 562861?
1
What is the thousands digit of 112984?
2
What is the hundred thousands digit of 4120275?
1
What is the tens digit of 88235?
3
What is the hundreds digit of 242257?
2
What is the hundreds digit of 992334?
3
What is the hundreds digit of 5123759?
7
What is the hundreds digit of 1540023?
0
What is the hundreds digit of 1093438?
4
What is the units digit of 277600?
0
What is the tens digit of 24761?
6
What is the thousands digit of 2136522?
6
What is the ten thousands digit of 145695?
4
What is the units digit of 116623?
3
What is the tens digit of 135712?
1
What is the hundreds digit of 947795?
7
What is the tens digit of 3818?
1
What is the units digit of 74017?
7
What is the tens digit of 12788612?
1
What is the hundreds digit of 554101?
1
What is the thousands digit of 355980?
5
What is the hundreds digit of 204338?
3
What is the tens digit of 89423?
2
What is the units digit of 114201?
1
What is the ten thousands digit of 12901?
1
What is the thousands digit of 2372923?
2
What is the tens digit of 16400437?
3
What is the ten thousands digit of 675430?
7
What is the tens digit of 15486351?
5
What is the tens digit of 2465234?
3
What is the ten thousands digit of 20670053?
7
What is the units digit of 192861?
1
What is the tens digit of 27217?
1
What is the units digit of 197456?
6
What is the tens digit of 860977?
7
What is the millions digit of 41348119?
1
What is the thousands digit of 825679?
5
What is the millions digit of 7453053?
7
What is the thousands digit of 249524?
9
What is the tens digit of 41966?
6
What is the hundreds digit of 555624?
6
What is the hundred thousands digit of 2537178?
5
What is the units digit of 490996?
6
What is the hundreds digit of 27392344?
3
What is the ten thousands digit of 4075738?
7
What is the thousands digit of 57716?
7
What is the thousands digit of 9929396?
9
What is the units digit of 2003229?
9
What is the hundred thousands digit of 969671?
9
What is the millions digit of 17514827?
7
What is the tens digit of 167039?
3
What is the units digit of 270159?
9
What is the millions digit of 10408433?
0
What is the tens digit of 1092442?
4
What is the hundred thousands digit of 799824?
7
What is the thousands digit of 821304?
1
What is the hundreds digit of 1030542?
5
What is the tens digit of 9225732?
3
What is the millions digit of 1282739?
1
What is the units digit of 317958?
8
What is the tens digit of 214245?
4
What is the tens digit of 3624197?
9
What is the hundred thousands digit of 1730341?
7
What is the tens digit of 2144369?
6
What is the tens digit of 13927877?
7
What is the hundred thousands digit of 697386?
6
What is the millions digit of 1554280?
1
What is the hundreds digit of 60280?
2
What is the thousands digit of 9724439?
4
What is the hundred thousands digit of 277457?
2
What is the units digit of 483594?
4
What is the thousands digit of 498575?
8
What is the tens digit of 204251?
5
What is the ten thousands digit of 1400623?
0
What is the thousands digit of 151682?
1
What is the units digit of 112321?
1
What is the hundreds digit of 13229640?
6
What is the hundreds digit of 1138937?
9
What is the units digit of 40044934?
4
What is the ten thousands digit of 278074?
7
What is the units digit of 18821861?
1
What is the ten millions digit of 15778216?
1
What is the thousands digit of 4332614?
2
What is the hundreds digit of 1247512?
5
What is the millions digit of 10735377?
0
What is the units digit of 4914498?
8
What is the tens digit of 671815?
1
What is the thousands digit of 2091553?
1
What is the units digit of 628047?
7
What is the thousands digit of 4182770?
2
What is the hundred thousands digit of 4537474?
5
What is the hundreds digit of 231596?
5
What is the hundreds digit of 1313588?
5
What is the hundreds digit of 1621391?
3
What is the hundred thousands digit of 359420?
3
What is the ten millions